{"id":2,"date":"2019-02-26T16:59:18","date_gmt":"2019-02-26T16:59:18","guid":{"rendered":"https:\/\/professionalf.com\/?page_id=2"},"modified":"2019-03-17T21:40:24","modified_gmt":"2019-03-17T21:40:24","slug":"sample-page","status":"publish","type":"page","link":"https:\/\/professionalf.com\/index.php\/sample-page\/","title":{"rendered":"Professional Fusion"},"content":{"rendered":"\n<h2 class=\"wp-block-heading\">Professional Fusion<\/h2>\n\n\n\n<h2 class=\"wp-block-heading\">Soporte Sistemas + Soporte Helisa + Hosting + Dise\u00f1o Web + Capacitaci\u00f3n Helisa + Mantenimiento Servidores.<\/h2>\n\n\n\n<p style=\"text-align:center\">En professional fusion Sabemos de los altos costos de un departamento de sistemas, pero tambi\u00e9n sabemos los riesgos a los que est\u00e1n expuestas las compa\u00f1\u00edas medianas y peque\u00f1as por la proliferaci\u00f3n de amenazas a trav\u00e9s de internet, memorias usb, portal web, discos externos, redes o dispositivos inal\u00e1mbricos.<\/p>\n\n\n\n<p style=\"text-align:center\">Por eso nace Professional Fusion, su departamento de sistemas&nbsp; outsourcing, Desde hace 15 a\u00f1os prestamos nuestros servicios de consultor\u00eda y asesor\u00eda en sistemas y en software contable y administrativo.<\/p>\n\n\n\n<div class=\"wp-block-image\"><figure class=\"aligncenter\"><img fetchpriority=\"high\" decoding=\"async\" width=\"370\" height=\"333\" src=\"https:\/\/professionalf.com\/wp-content\/uploads\/2019\/02\/Logo-PF.png\" alt=\"\" class=\"wp-image-33\" srcset=\"https:\/\/professionalf.com\/wp-content\/uploads\/2019\/02\/Logo-PF.png 370w, https:\/\/professionalf.com\/wp-content\/uploads\/2019\/02\/Logo-PF-300x270.png 300w\" sizes=\"(max-width: 370px) 100vw, 370px\" \/><\/figure><\/div>\n\n\n\n<h2 class=\"wp-block-heading\">T\u00f3mate un caf\u00e9 y rel\u00e1jate mientras lo solucionamos,<\/h2>\n\n\n\n<div class=\"wp-block-image\"><figure class=\"aligncenter\"><img decoding=\"async\" width=\"236\" height=\"300\" src=\"https:\/\/professionalf.com\/wp-content\/uploads\/2019\/02\/Coffee-PF-236x300.jpg\" alt=\"\" class=\"wp-image-70\" srcset=\"https:\/\/professionalf.com\/wp-content\/uploads\/2019\/02\/Coffee-PF-236x300.jpg 236w, https:\/\/professionalf.com\/wp-content\/uploads\/2019\/02\/Coffee-PF.jpg 327w\" sizes=\"(max-width: 236px) 100vw, 236px\" \/><\/figure><\/div>\n","protected":false},"excerpt":{"rendered":"<p>Professional Fusion Soporte Sistemas + Soporte Helisa + Hosting + Dise\u00f1o Web + Capacitaci\u00f3n Helisa + Mantenimiento Servidores. En professional fusion Sabemos de los altos costos de un departamento de sistemas, pero tambi\u00e9n sabemos los riesgos a los que est\u00e1n expuestas las compa\u00f1\u00edas medianas y peque\u00f1as por la proliferaci\u00f3n de amenazas a trav\u00e9s de internet,&nbsp;&hellip;<\/p>\n","protected":false},"author":1,"featured_media":0,"parent":0,"menu_order":0,"comment_status":"closed","ping_status":"open","template":"","meta":{"_joinchat":[],"footnotes":""},"class_list":["post-2","page","type-page","status-publish","hentry"],"_links":{"self":[{"href":"https:\/\/professionalf.com\/index.php\/wp-json\/wp\/v2\/pages\/2","targetHints":{"allow":["GET"]}}],"collection":[{"href":"https:\/\/professionalf.com\/index.php\/wp-json\/wp\/v2\/pages"}],"about":[{"href":"https:\/\/professionalf.com\/index.php\/wp-json\/wp\/v2\/types\/page"}],"author":[{"embeddable":true,"href":"https:\/\/professionalf.com\/index.php\/wp-json\/wp\/v2\/users\/1"}],"replies":[{"embeddable":true,"href":"https:\/\/professionalf.com\/index.php\/wp-json\/wp\/v2\/comments?post=2"}],"version-history":[{"count":15,"href":"https:\/\/professionalf.com\/index.php\/wp-json\/wp\/v2\/pages\/2\/revisions"}],"predecessor-version":[{"id":180,"href":"https:\/\/professionalf.com\/index.php\/wp-json\/wp\/v2\/pages\/2\/revisions\/180"}],"wp:attachment":[{"href":"https:\/\/professionalf.com\/index.php\/wp-json\/wp\/v2\/media?parent=2"}],"curies":[{"name":"wp","href":"https:\/\/api.w.org\/{rel}","templated":true}]}}